3 + 2*m**2 + 3*m + 3. Let n be u(3). Suppose 4*s + 2*a - 76 = 5*a, 0 = n*s + 3*a - 78. Calculate the highest common factor of 11 and s.
11
Suppose 0 = 4*n + 91 + 49. Let t = -24 - n. Calculate the greatest common divisor of 11 and t.
11
Let m be (2/3)/((-2)/(-24)). Calculate the highest common factor of 12 and m.
4
Let a be 42/11 - 10/(-55). Suppose -a*t = -t - 45. What is the highest common factor of t and 30?
15
Let z = -1 - -3. Suppose z*w - 74 = -30. Calculate the highest common divisor of w and 44.
22
Let i = -15 + 21. Suppose i*n = n + s + 36, 2*s - 24 = -2*n. What is the highest common divisor of n and 72?
8
Suppose 4 = 4*k, -6*q - 4*k + 708 = -2*q. Suppose 0 = 3*o - 7*o + 64. Calculate the highest common divisor of q and o.
16
Let j be -2*(2 - 196/8). Calculate the highest common divisor of 5 and j.
5
Let u be (32/(-3))/4*-9. What is the greatest common divisor of u and 12?
12
Let w = -2 + 11. Suppose 2*t - 16 = -0*t. Suppose -n = 3, -k - 2*n + 3 = t. Calculate the greatest common factor of w and k.
1
Let f = -2 + 10. Let z be (1/(-2))/((-2)/f). Suppose -z*m + 15 = -3. Calculate the highest common factor of 81 and m.
9
Let n = 7 - 4. What is the highest common factor of 27 and n?
3
Let k = -14 - -17. Suppose -v - 135 = -4*q, -k*v + 5 = 2*v. Calculate the greatest common divisor of q and 51.
17
Let o(g) = g**2 + 9*g + 10. Let i be o(-8). What is the highest common divisor of i and 2?
2
Suppose 3*g + 68 - 1052 = 0. Suppose 5*y - g + 118 = 0. What is the greatest common factor of y and 28?
14
Suppose 2*x - 3*f = -f + 20, -3*x + 5*f + 30 = 0. Let t be 15/6*12/x. Let m be (t - 0 - -12) + 2. What is the greatest common factor of 34 and m?
17
Let g(m) = 9*m**2 - m - 2. Let j be g(-2). What is the greatest common divisor of 72 and j?
36
Suppose 0 = 14*s - 22*s + 96. Calculate the greatest common divisor of 84 and s.
12
Suppose 28*p - 641 - 479 = 0. Suppose d = 9 - 1. What is the greatest common divisor of p and d?
8
Suppose -8 - 2 = -v - 2*z, v = -z + 13. Let r = 49 + -33. What is the highest common divisor of v and r?
16
Let m be 9 - (-1 + -1 + 3). Let z(s) = 16*s - 8. Let g be z(m). Let u = -18 + 33. Calculate the highest common factor of g and u.
15
Suppose -5*t = 5, 5*t - 7*t = 3*c - 19. Calculate the highest common factor of 21 and c.
7
Suppose -5*d + 3*i = -259, -2*d + 3*i + 74 = -35. Calculate the greatest common divisor of d and 50.
50
Let k be (-24)/1*6/(-12). Suppose -2*q = -6*q + k. Calculate the greatest common divisor of q and 27.
3
Let m = -13 + 25. Suppose 0*d - 5*d = -20. What is the highest common divisor of d and m?
4
Suppose -2*y + 5*u + 10 = 0, -3*y + 2*u + 17 - 2 = 0. What is the highest common divisor of 5 and y?
5
Let u be (-3 - (-28)/12) + (-11)/(-3). Calculate the highest common factor of 3 and u.
3
Let f be (-762)/(-8) - (-8)/(-32). Suppose -a - a = -3*d + 66, -5*a - f = -4*d. Let o = 4 - -1. Calculate the greatest common factor of d and o.
5
Let o(s) = s**2 - 12*s - 8. Let l be o(12). Let y(x) = -x**3 - 6*x**2 + 8*x + 1. Let q be y(l). What is the greatest common factor of q and 13?
13
Let b(w) = w**3 - 7*w**2 - 7*w - 5. Let n be b(8). Suppose 5*c - 96 = -n*f, -f = 5*c - 2*f - 108. What is the greatest common factor of c and 7?
7
Suppose 12*u - 7*u - 75 = 0. Suppose f = 5*x + 155, -2*f + 2*x + 326 = -0*x. Calculate the greatest common divisor of f and u.
15
Let o = 15 - -3. Let c = -147 - -255. Suppose i + c = 5*i. What is the greatest common divisor of o and i?
9
Suppose 0 = -2*u + 4*a + 22, 3*a + 4 = -u + 2*a. What is the highest common factor of 9 and u?
1
Let c(u) = 10*u - 12. Let h be c(11). Let p(q) = q**3 + 5*q**2 + q + 2. Let v be p(-4). What is the greatest common factor of v and h?
14
Let w be (1 - -131) + 9/3. Suppose -w = 4*n - 5*n + 4*d, 135 = n + d. What is the highest common divisor of 15 and n?
15
Let h = 2 + -3. Let o be 105/h*16/(-20). Calculate the greatest common factor of 56 and o.
28
Let v = -3 - -12. Let i be -102*(21/v - 3). Suppose -i = -4*q - 2*w + 6*w, -3*w - 17 = -q. What is the highest common divisor of q and 17?
17
Let z = 36 - -39. Suppose m - z = -4*m. What is the highest common divisor of m and 75?
15
Let h(a) = -3*a**2 - 105*a**3 + 6*a**2 - 3*a**2 - a**2. Let m be h(-1). Calculate the highest common factor of m and 13.
13
Let d be 159/9 + 6/(-9). Suppose 4*l + d = z, 4*z - 3*l - 3 = 13. What is the highest common factor of 4 and z?
1
Let v(c) = -c**3 - 5*c**2 + 2*c - 6. Let u be -8 + 5/(10/4). Let o be v(u). Calculate the highest common divisor of 6 and o.
6
Let h be (1/3)/((-2)/(-6)). Suppose 3*i - h - 5 = 0. Suppose 0 = -i*y - 3*t + 349, -t = -2*y + 144 + 209. Calculate the greatest common divisor of 16 and y.
16
Let h be (-5386)/(-18) + (-8)/36 - 3. What is the highest common factor of 37 and h?
37
Suppose 6 + 6 = i. Calculate the highest common factor of 96 and i.
12
Let h = -226 + 124. Let v = h + 262. Calculate the greatest common factor of 16 and v.
16
Let s be ((-2)/7)/((-3)/21). Suppose k - 175 = -2*k + g, 3*k - 190 = -s*g. What is the highest common divisor of k and 10?
10
Suppose 4*t - 30 + 2 = 0. What is the greatest common divisor of 7 and t?
7
Suppose -5*u + 3*u + 110 = 0. Calculate the highest common divisor of 22 and u.
11
Let u = 183 - 15. Calculate the highest common divisor of 24 and u.
24
Suppose -5*t + 178 = 4*u - 0*u, 0 = -4*t + u + 155. Let z be t/12 - (-1)/(-6). Let g be ((-32)/(-6))/(4/18). Calculate the greatest common divisor of g and z.
3
Let u = 70 - 49. What is the greatest common factor of u and 21?
21
Let s(u) = -9*u + 1. Let i = 0 - -2. Let g be s(i). Let l = g - -69. What is the highest common factor of 13 and l?
13
Suppose 2*b + 6 = -2*r + 4*r, 4*b = -2*r + 30. Calculate the greatest common factor of r and 1.
1
Suppose -g + 0*g - o = -7, 5*g = o + 23. Calculate the highest common factor of g and 5.
5
Suppose 2*n - 2*l = 18, -5*l - 12 - 13 = 0. Suppose 75 = 4*a + k, 3*a - n*k + 34 = 5*a. Let g = -12 + a. What is the greatest common divisor of 28 and g?
7
Let k(f) = -f**2 + 17*f - 28. Let z be k(8). What is the greatest common divisor of 4 and z?
4
Let u(t) = 2*t**2 + 12*t + 46. Let c be u(-5). Calculate the greatest common divisor of 18 and c.
18
Let r(g) = 20*g. Let t be r(3). Calculate the highest common factor of t and 15.
15
Suppose 0 = 3*f - 319 - 50. What is the highest common factor of 82 and f?
41
Let w(d) = -d**2 - 14*d + 6. Let x be (-9)/21 + (-148)/14. Let a be w(x). Let l be 6/(-12) + (-53)/(-2). Calculate the highest common divisor of a and l.
13
Suppose -147 = -3*d - 0*d - k, -5*k - 225 = -5*d. What is the greatest common factor of d and 16?
16
Suppose -2*c + 3*x + 738 = 3*c, 2*x = -2. What is the greatest common factor of c and 21?
21
Suppose -2*q + 0 = j - 2, -3*q = -j - 8. Let y(v) = 9*v - 3. Let w be y(q). Suppose o + w = 6*o. What is the highest common factor of 24 and o?
3
Let g = 11 - 7. Suppose -g*r = 35 + 25. Let c be (-3)/r*2*20. What is the highest common divisor of 72 and c?
8
Let l(u) = 16*u**3 - u**2 - u - 2. Let d be l(2). Suppose d = -0*z + 2*z. Let c(s) = 3*s - 3. Let q be c(6). Calculate the highest common divisor of q and z.
15
Suppose 8*f - 12*f + 216 = 0. What is the greatest common divisor of f and 6?
6
Let r be 3/(1/((-14)/(-6))). Suppose 27 = n + r. Suppose 0 = -d - i - 2*i + 1, -2*d + 12 = -4*i. Calculate the greatest common divisor of n and d.
4
Suppose -9*z = -5*z - 48. Calculate the greatest common divisor of z and 132.
12
Suppose -30 = -0*l - 5*l. Let a be ((-9)/l)/(15/(-100)). Calculate the greatest common divisor of a and 2.
2
Let h(d) = -d**3 + 14*d**2 - 13*d - 15. Let o be h(12). What is the greatest common factor of 13 and o?
13
Let u = -15 + 29. Let q be (0 - 0/3)/(-1). Let s(v) = -v + 126. Let k be s(q). What is the greatest common factor of u and k?
14
Let l(b) = -b**2 + 19*b - 6. Let q be l(8). Calculate the highest common factor of 41 and q.
41
Suppose 0 = -5*k + 1 + 24. Suppose k*r - 20 = -0*r. Suppose -5*s + 2*s - 14 = 4*i, 2*s - i - 9 = 0. Calculate the highest common factor of s and r.
2
Suppose -3*u = -u + 322. Let d = 281 + u. Let l be 3/2*(6 - -2). What is the highest common factor of l and d?
12
Let i(g) = g**3 - 9*g**2 + 7*g - 18. Let a be i(9). What is the highest common divisor of 3